Calculate the greatest common divisor of 111 and 8769.
111
Calculate the highest common divisor of 45 and 4095.
45
What is the greatest common factor of 408 and 16?
8
Calculate the greatest common divisor of 47 and 517.
47
What is the highest common factor of 300 and 4740?
60
Calculate the greatest common divisor of 25 and 13.
1
Calculate the greatest common factor of 7 and 2.
1
What is the greatest common factor of 87 and 3?
3
What is the highest common factor of 12 and 24?
12
Calculate the highest common factor of 1 and 3.
1
Calculate the greatest common divisor of 174 and 504.
6
Calculate the greatest common factor of 243 and 18.
9
What is the highest common divisor of 18 and 702?
18
What is the greatest common divisor of 35 and 315?
35
Calculate the highest common factor of 42 and 56.
14
Calculate the greatest common factor of 764 and 4.
4
Calculate the greatest common factor of 105 and 195.
15
Calculate the greatest common divisor of 7267 and 169.
169
What is the greatest common divisor of 970 and 70?
10
Calculate the highest common divisor of 98 and 14.
14
Calculate the greatest common divisor of 98 and 378.
14
What is the greatest common factor of 15 and 275?
5
Calculate the greatest common factor of 243 and 9.
9
Calculate the greatest common divisor of 658 and 12831.
329
Calculate the greatest common factor of 664 and 40.
8
Calculate the highest common divisor of 60 and 1360.
20
What is the highest common divisor of 1003 and 595?
17
What is the greatest common divisor of 51 and 459?
51
Calculate the greatest common factor of 161 and 63.
7
Calculate the highest common factor of 23 and 46.
23
What is the greatest common factor of 12 and 1356?
12
What is the highest common factor of 65 and 280?
5
Calculate the greatest common factor of 14877 and 342.
171
Calculate the highest common factor of 170 and 160.
10
Calculate the greatest common factor of 7840 and 480.
160
What is the greatest common divisor of 12838 and 524?
262
What is the highest common divisor of 4 and 14?
2
Calculate the greatest common divisor of 102 and 1122.
102
What is the highest common divisor of 405 and 90?
45
Calculate the greatest common factor of 6275 and 502.
251
What is the greatest common factor of 2007 and 223?
223
What is the highest common divisor of 63 and 2212?
7
What is the highest common factor of 156 and 1374?
6
Calculate the greatest common factor of 8 and 3.
1
Calculate the highest common factor of 12029 and 276.
23
Calculate the greatest common divisor of 154 and 126.
14
Calculate the greatest common divisor of 23160 and 160.
40
What is the highest common divisor of 319 and 174?
29
What is the greatest common factor of 80 and 360?
40
Calculate the greatest common factor of 255 and 4165.
85
What is the greatest common divisor of 6 and 106?
2
What is the highest common factor of 132 and 330?
66
What is the greatest common divisor of 894 and 24?
6
What is the greatest common factor of 8 and 38?
2
Calculate the highest common factor of 646 and 38.
38
What is the highest common divisor of 646 and 494?
38
Calculate the greatest common factor of 5544 and 98.
14
What is the highest common factor of 688 and 752?
16
Calculate the greatest common factor of 90 and 78.
6
Calculate the greatest common divisor of 33 and 506.
11
What is the highest common factor of 19 and 45163?
19
What is the greatest common factor of 27 and 2979?
9
Calculate the highest common divisor of 24257 and 382.
191
Calculate the highest common divisor of 14230 and 10.
10
Calculate the highest common factor of 272 and 408.
136
Calculate the highest common divisor of 3240 and 756.
108
Calculate the greatest common divisor of 8 and 64.
8
What is the greatest common divisor of 18 and 3?
3
Calculate the greatest common divisor of 280 and 200.
40
What is the greatest common divisor of 74 and 19129?
37
What is the greatest common factor of 1815 and 45?
15
What is the highest common divisor of 32308 and 492?
164
Calculate the highest common factor of 175 and 6125.
175
Calculate the highest common factor of 444 and 185.
37
What is the highest common divisor of 333 and 296?
37
What is the highest common divisor of 69 and 21?
3
Calculate the highest common divisor of 18 and 4572.
18
What is the greatest common factor of 2 and 974?
2
Calculate the greatest common factor of 20 and 320.
20
Calculate the highest common factor of 1236 and 12.
12
What is the highest common divisor of 1496 and 204?
68
What is the greatest common divisor of 13 and 13?
13
Calculate the highest common factor of 1188 and 486.
54
Calculate the highest common factor of 54 and 72.
18
What is the highest common factor of 40 and 328?
8
What is the greatest common factor of 18 and 5760?
18
What is the highest common divisor of 105 and 1715?
35
What is the greatest common factor of 2247 and 147?
21
What is the greatest common divisor of 8 and 5652?
4
Calculate the highest common divisor of 81 and 13581.
27
Calculate the greatest common divisor of 28 and 567.
7
What is the greatest common divisor of 174 and 144?
6
Calculate the highest common factor of 133 and 21.
7
Calculate the greatest common factor of 682 and 22.
22
What is the highest common divisor of 13 and 949?
13
Calculate the highest common divisor of 90 and 150.
30
Calculate the greatest common factor of 249 and 6.
3
Calculate the greatest common factor of 1085 and 980.
35
What is the highest common factor of 781 and 71?
71
Calculate the highest common divisor of 1792 and 112.
112
Calculate the highest common divisor of 89128 and 104.
104
Calculate the highest common divisor of 31 and 527.
31
What is the highest common divisor of 24 and 128?
8
Calculate the greatest common factor of 48 and 56.
8
Calculate the highest common divisor of 196 and 168.
28
What is the greatest common factor of 3762 and 110?
22
Calculate the highest common factor of 2820 and 15.
15
What is the highest common factor of 2 and 8042?
2
Calculate the greatest common factor of 432 and 252.
36
Calculate the greatest common factor of 1584 and 99.
99
What is the highest common divisor of 64 and 3856?
16
What is the highest common factor of 240 and 192?
48
Calculate the greatest common divisor of 3900 and 1105.
65
What is the greatest common divisor of 1904 and 70?
14
What is the greatest common factor of 178 and 2225?
89
Calculate the highest common divisor of 1965 and 5.
5
What is the highest common divisor of 173 and 3979?
173
What is the highest common factor of 20 and 27490?
10
Calculate the highest common factor of 1230 and 1763.
41
What is the highest common divisor of 3002 and 38?
38
Calculate the highest common divisor of 128 and 64.
64
Calculate the greatest common divisor of 44 and 88.
44
What is the highest common factor of 264 and 99?
33
Calculate the greatest common divisor of 136 and 139264.
136
Calculate the greatest common divisor of 98 and 42042.
98
What is the highest common factor of 5322 and 12?
6
What is the greatest common factor of 16711 and 51?
17
What is the greatest common factor of 40 and 1112?
8
Calculate the greatest common divisor of 243 and 513.
27
What is the greatest common divisor of 28 and 700?
28
What is the greatest common factor of 2 and 128?
2
What is the greatest common divisor of 89 and 1691?
89
What is the highest common divisor of 6026 and 46?
46
Calculate the greatest common factor of 69 and 69.
69
Calculate the greatest common factor of 51 and 459.
51
Calculate the greatest common divisor of 82636 and 146.
146
What is the greatest common factor of 4644 and 1892?
172
What is the highest common factor of 304 and 38?
38
Calculate the greatest common divisor of 2623 and 183.
61
What is the highest common factor of 102 and 1190?
34
What is the greatest common divisor of 96 and 168?
24
What is the greatest common factor of 78 and 962?
26
Calculate the highest common factor of 140 and 2540.
20
Calculate the highest common factor of 308 and 2996.
28
What is the highest common divisor of 8 and 348?
4
What is the greatest common factor of 44 and 44?
44
What is the greatest common factor of 235 and 94?
47
Calculate the highest common factor of 100 and 250.
50
What is the highest common factor of 10 and 235?
5
Calculate the greatest common divisor of 1253 and 3938.
179
C